{"id":548,"date":"2017-05-01T16:34:56","date_gmt":"2017-05-01T15:34:56","guid":{"rendered":"https:\/\/elevagedugiron.wordpress.com\/?page_id=2"},"modified":"2019-02-21T11:32:48","modified_gmt":"2019-02-21T10:32:48","slug":"accueil","status":"publish","type":"page","link":"https:\/\/elevagedugiron.com\/index.php\/accueil\/","title":{"rendered":"Accueil"},"content":{"rendered":"<p><img data-recalc-dims=\"1\" loading=\"lazy\" decoding=\"async\" data-attachment-id=\"154\" data-permalink=\"https:\/\/elevagedugiron.com\/index.php\/accueil\/dsc_0437\/\" data-orig-file=\"https:\/\/i0.wp.com\/elevagedugiron.com\/wp-content\/uploads\/2017\/05\/dsc_0437.jpg?fit=4288%2C2848&amp;ssl=1\" data-orig-size=\"4288,2848\" data-comments-opened=\"1\" data-image-meta=\"{&quot;aperture&quot;:&quot;6.3&quot;,&quot;credit&quot;:&quot;&quot;,&quot;camera&quot;:&quot;NIKON D5000&quot;,&quot;caption&quot;:&quot;&quot;,&quot;created_timestamp&quot;:&quot;1476109492&quot;,&quot;copyright&quot;:&quot;&quot;,&quot;focal_length&quot;:&quot;105&quot;,&quot;iso&quot;:&quot;200&quot;,&quot;shutter_speed&quot;:&quot;0.0015625&quot;,&quot;title&quot;:&quot;&quot;,&quot;orientation&quot;:&quot;1&quot;}\" data-image-title=\"DSC_0437\" data-image-description=\"\" data-image-caption=\"\" data-medium-file=\"https:\/\/i0.wp.com\/elevagedugiron.com\/wp-content\/uploads\/2017\/05\/dsc_0437.jpg?fit=300%2C199&amp;ssl=1\" data-large-file=\"https:\/\/i0.wp.com\/elevagedugiron.com\/wp-content\/uploads\/2017\/05\/dsc_0437.jpg?fit=850%2C564&amp;ssl=1\" class=\" wp-image-154 aligncenter\" src=\"https:\/\/i0.wp.com\/elevagedugiron.com\/wp-content\/uploads\/2017\/05\/dsc_0437.jpg?resize=627%2C416\" alt=\"\" width=\"627\" height=\"416\" srcset=\"https:\/\/i0.wp.com\/elevagedugiron.com\/wp-content\/uploads\/2017\/05\/dsc_0437.jpg?resize=300%2C199&amp;ssl=1 300w, https:\/\/i0.wp.com\/elevagedugiron.com\/wp-content\/uploads\/2017\/05\/dsc_0437.jpg?resize=768%2C510&amp;ssl=1 768w, https:\/\/i0.wp.com\/elevagedugiron.com\/wp-content\/uploads\/2017\/05\/dsc_0437.jpg?resize=1024%2C680&amp;ssl=1 1024w, https:\/\/i0.wp.com\/elevagedugiron.com\/wp-content\/uploads\/2017\/05\/dsc_0437.jpg?w=1700 1700w, https:\/\/i0.wp.com\/elevagedugiron.com\/wp-content\/uploads\/2017\/05\/dsc_0437.jpg?w=2550 2550w\" sizes=\"auto, (max-width: 627px) 94vw, 627px\" \/><\/p>\n<p>Bienvenue en Lorraine, au c\u0153ur de l&#8217;Elevage du Giron situ\u00e9 \u00e0 Bauzemont en Meurthe-et-Moselle (54).<\/p>\n<p>Nous \u00e9levons des chiens Jack Russell et Beagle, mais aussi des vaches et des chevaux, nos animaux sont notre passion, nous leurs donnons tout !<\/p>\n<p>L&#8217;\u00e9levage a d\u00e9marr\u00e9 en 2012 quand nous avons emmen\u00e9 notre regrett\u00e9e Heroine (Jack Russell) \u00e0 la saillie pour la premi\u00e8re fois. Depuis, c&#8217;est devenu une v\u00e9ritable passion. Nous accordons une importance particuli\u00e8re \u00e0 produire des chiens \u00e9quilibr\u00e9s qui auront bon caract\u00e8re, nous accompagnons (sans rien imposer) le futur ma\u00eetre dans son choix du chiot, afin de former le meilleur couple ma\u00eetre\/chien pour que vous viviez la plus belle histoire d&#8217;amour avec lui.<\/p>\n<p>Chez nous les chiens vivent avec nous, \u00e0 la maison ou \u00e0 l&#8217;ext\u00e9rieur. Cela permet d&#8217;avoir des chiens en bonne forme morale toute l&#8217;ann\u00e9e, ils ont suffisamment d&#8217;espace pour jouer, avoir des contacts sociaux et se d\u00e9penser. A chaque fois que nous le pouvons, nous les emmenons en promenade \u00e0 l&#8217;ext\u00e9rieur de la ferme pour les laisser galoper \u00e0 c\u0153ur joie. Nous avons commenc\u00e9 l&#8217;\u00e9levage avec nos chiennes de compagnie et m\u00eame si l&#8217;\u00e9levage a pris d&#8217;autres dimensions aujourd&#8217;hui, nous tenons \u00e0 garder cet esprit familial, tous nos chiens font partie de la famille.<\/p>\n<p><img data-recalc-dims=\"1\" loading=\"lazy\" decoding=\"async\" data-attachment-id=\"156\" data-permalink=\"https:\/\/elevagedugiron.com\/dsc_0739\/\" data-orig-file=\"https:\/\/i0.wp.com\/elevagedugiron.com\/wp-content\/uploads\/2017\/05\/dsc_0739.jpg?fit=4288%2C2848&amp;ssl=1\" data-orig-size=\"4288,2848\" data-comments-opened=\"1\" data-image-meta=\"{&quot;aperture&quot;:&quot;5.6&quot;,&quot;credit&quot;:&quot;&quot;,&quot;camera&quot;:&quot;NIKON D5000&quot;,&quot;caption&quot;:&quot;&quot;,&quot;created_timestamp&quot;:&quot;1476804877&quot;,&quot;copyright&quot;:&quot;&quot;,&quot;focal_length&quot;:&quot;105&quot;,&quot;iso&quot;:&quot;400&quot;,&quot;shutter_speed&quot;:&quot;0.0025&quot;,&quot;title&quot;:&quot;&quot;,&quot;orientation&quot;:&quot;1&quot;}\" data-image-title=\"DSC_0739\" data-image-description=\"\" data-image-caption=\"\" data-medium-file=\"https:\/\/i0.wp.com\/elevagedugiron.com\/wp-content\/uploads\/2017\/05\/dsc_0739.jpg?fit=300%2C199&amp;ssl=1\" data-large-file=\"https:\/\/i0.wp.com\/elevagedugiron.com\/wp-content\/uploads\/2017\/05\/dsc_0739.jpg?fit=850%2C564&amp;ssl=1\" class=\"alignnone size-full wp-image-156\" src=\"https:\/\/elevagedugiron.files.wordpress.com\/2017\/05\/dsc_0739.jpg?resize=850%2C565\" alt=\"DSC_0739\" width=\"850\" height=\"565\" srcset=\"https:\/\/i0.wp.com\/elevagedugiron.com\/wp-content\/uploads\/2017\/05\/dsc_0739.jpg?w=4288&amp;ssl=1 4288w, https:\/\/i0.wp.com\/elevagedugiron.com\/wp-content\/uploads\/2017\/05\/dsc_0739.jpg?resize=300%2C199&amp;ssl=1 300w, https:\/\/i0.wp.com\/elevagedugiron.com\/wp-content\/uploads\/2017\/05\/dsc_0739.jpg?resize=768%2C510&amp;ssl=1 768w, https:\/\/i0.wp.com\/elevagedugiron.com\/wp-content\/uploads\/2017\/05\/dsc_0739.jpg?resize=1024%2C680&amp;ssl=1 1024w, https:\/\/i0.wp.com\/elevagedugiron.com\/wp-content\/uploads\/2017\/05\/dsc_0739.jpg?w=1700 1700w, https:\/\/i0.wp.com\/elevagedugiron.com\/wp-content\/uploads\/2017\/05\/dsc_0739.jpg?w=2550 2550w\" sizes=\"auto, (max-width: 739px) 94vw, (max-width: 969px) 88vw, (max-width: 1199px) 860px, 1250px\" \/><\/p>\n<p>Les chiots naissent \u00e0 la maison, ils rencontrent tr\u00e8s rapidement tout type de stimulations. D\u00e8s qu&#8217;ils le peuvent, ils rencontrent les autres chiens de la famille, les enfants, les invit\u00e9s, etc. D\u00e8s qu&#8217;il fait beau nous sortons les chiots, l&#8217;environnement de la ferme est tr\u00e8s riche et leur permet de d\u00e9couvrir plein d&#8217;odeurs, de textures et de nouvelles situations pour bien d\u00e9marrer dans la vie.\u00a0Nous aidons la chienne dans l&#8217;\u00e9ducation de ses chiots pour faciliter l&#8217;int\u00e9gration du chiot dans sa future famille et l&#8217;apprentissage de ses futurs codes de vie.<\/p>\n<p>Notre \u00e9levage n\u2019a pas pour but de produire des centaines et des milliers de chiots, ici vous l&#8217;aurez compris pas d\u2019usine \u00e0 chiots!<\/p>\n","protected":false},"excerpt":{"rendered":"<p>Bienvenue en Lorraine, au c\u0153ur de l&#8217;Elevage du Giron situ\u00e9 \u00e0 Bauzemont en Meurthe-et-Moselle (54). Nous \u00e9levons des [&hellip;]<\/p>\n","protected":false},"author":2,"featured_media":154,"parent":0,"menu_order":0,"comment_status":"closed","ping_status":"closed","template":"","meta":{"jetpack_post_was_ever_published":false,"footnotes":""},"class_list":["post-548","page","type-page","status-publish","has-post-thumbnail","hentry"],"jetpack_sharing_enabled":true,"jetpack_shortlink":"https:\/\/wp.me\/PaK8oM-8Q","jetpack-related-posts":[],"_links":{"self":[{"href":"https:\/\/elevagedugiron.com\/index.php\/wp-json\/wp\/v2\/pages\/548","targetHints":{"allow":["GET"]}}],"collection":[{"href":"https:\/\/elevagedugiron.com\/index.php\/wp-json\/wp\/v2\/pages"}],"about":[{"href":"https:\/\/elevagedugiron.com\/index.php\/wp-json\/wp\/v2\/types\/page"}],"author":[{"embeddable":true,"href":"https:\/\/elevagedugiron.com\/index.php\/wp-json\/wp\/v2\/users\/2"}],"replies":[{"embeddable":true,"href":"https:\/\/elevagedugiron.com\/index.php\/wp-json\/wp\/v2\/comments?post=548"}],"version-history":[{"count":2,"href":"https:\/\/elevagedugiron.com\/index.php\/wp-json\/wp\/v2\/pages\/548\/revisions"}],"predecessor-version":[{"id":751,"href":"https:\/\/elevagedugiron.com\/index.php\/wp-json\/wp\/v2\/pages\/548\/revisions\/751"}],"wp:featuredmedia":[{"embeddable":true,"href":"https:\/\/elevagedugiron.com\/index.php\/wp-json\/wp\/v2\/media\/154"}],"wp:attachment":[{"href":"https:\/\/elevagedugiron.com\/index.php\/wp-json\/wp\/v2\/media?parent=548"}],"curies":[{"name":"wp","href":"https:\/\/api.w.org\/{rel}","templated":true}]}}